ctor of p and a.
4
Suppose -h + 0*m + 90 = -5*m, 2*h + 4*m = 138. Suppose -43*a = -38*a - h. What is the greatest common factor of 255 and a?
15
Let r = 200 - 56. What is the greatest common divisor of 90 and r?
18
Let p = -6 - -6. Suppose p*s - s = r - 1, -s = -r + 9. Calculate the greatest common divisor of 40 and r.
5
Let u(p) = 213*p + 27. Let c be u(1). What is the highest common divisor of 112 and c?
16
Suppose 3*j = -0*j + 273. Let v = -3 - -16. What is the greatest common divisor of j and v?
13
Suppose 298 + 142 = 10*m. What is the highest common divisor of m and 704?
44
Suppose -3*s + 3*h - 11 = -92, 4*s - 3*h = 103. Let z = -233 - -959. Suppose 3*y + z = 6*y. What is the greatest common divisor of s and y?
22
Let y be (456/(-14))/(6/(-21)). What is the greatest common factor of 42 and y?
6
Suppose 2*y - 4*y = 0, -3*y - 714 = -i. What is the greatest common factor of 153 and i?
51
Let y = 1230 + -1212. Calculate the greatest common factor of y and 864.
18
Let g = -8 - -13. Suppose -5*t + 0*t - s = -9, 2*t - 5*s + 18 = 0. Suppose 3 = 2*r + t. What is the highest common divisor of r and g?
1
Let d = 4 - 0. Suppose 4*k = d*u + 12, 2*k + 6 + 2 = -5*u. Let s be (-2 - -9)*2/7. Calculate the greatest common factor of k and s.
1
Let t be 2/(-12) - (-5908)/168. Suppose t*d = 33*d + 36. What is the greatest common divisor of 63 and d?
9
Let l = 6830 - 3678. What is the highest common factor of 16 and l?
16
Let k = -181 - -187. Let o = -9 + 41. Suppose -h = -s - k, -2*s - o = -5*h + 7. Calculate the highest common divisor of h and 45.
9
Let b = 44 + 99. Calculate the highest common factor of 26 and b.
13
Let v(d) = d**3 - 1 - 4 + 3 + 10*d**2 - 3 - 6*d. Let u be v(-10). What is the greatest common factor of 11 and u?
11
Let b be 91 - ((-9)/(-3) - 4). Suppose 3*k = 4*r + 84, -2*r = 4*k - b - 42. What is the highest common divisor of k and 24?
8
Let n(a) = 2 - a + 0*a - 3*a + 5*a. Let b(v) = -v - 3. Let k(y) = -3*b(y) - 7*n(y). Let o be k(-4). Calculate the highest common factor of o and 1.
1
Let x be 126/(-24) + 5 + (-18)/(-8). Let i = 48 - 47. What is the highest common factor of i and x?
1
Let t be 36/(-21)*(-6 + (-30)/9). What is the greatest common divisor of 376 and t?
8
Let k(d) = -4*d + 15. Suppose 14*m = 8 - 50. Let r be k(m). Calculate the greatest common factor of r and 1.
1
Let d be (8/32)/(1/8). Calculate the highest common factor of d and 106.
2
Let r(p) = 64*p + 29. Let w be r(6). Calculate the highest common factor of 59 and w.
59
Suppose -5*l - p + 45 = -2*p, 3*p = l + 5. Let y = 59 + 31. What is the highest common divisor of y and l?
10
Let t(y) = -22*y + 184. Let b be t(7). Calculate the greatest common divisor of b and 10.
10
Suppose 6*d + 9 = 9*d. Let p be (-56)/(-12)*(-9 - d)*-1. What is the highest common factor of p and 8?
8
Let p(g) = -49*g**3 - g. Let s be p(-1). Suppose -3*z = -18*z + 300. What is the highest common divisor of z and s?
10
Suppose 5*k + 5*o - 270 = 0, -9*k + o = -6*k - 150. What is the greatest common factor of k and 68?
17
Let v = -30 - -30. Let p be (290/(-116))/(v + 1/(-2)). Calculate the greatest common divisor of p and 5.
5
Let b be 226/6 - (16/(-3) + 5). Suppose 5*n + 20 - 115 = 0. What is the highest common divisor of b and n?
19
Let z be 190/14 - 54/(-126). Let c be 10/70 - (-138)/z. What is the highest common divisor of 20 and c?
10
Let h be (-129)/(-43) - (4 + -2). What is the highest common divisor of h and 6?
1
Let f be 4 + 7 + -4 - (-13 + 2). Suppose 0 = m - 2. Calculate the highest common factor of m and f.
2
Let p = -241 + 520. Suppose 0 = 5*g - p - 51. Calculate the greatest common divisor of 22 and g.
22
Let y(b) = -18*b**3 - b**2 - b. Let n be y(-1). Suppose 284 = 4*z + 2*f, 51 = 2*z - 4*f - 101. What is the greatest common factor of n and z?
18
Let w(k) = k**2 - 6*k + 5. Let l be w(11). Suppose -3*h - 1 = 2*n - 12, 5*n + l = 5*h. Suppose h*p - 9 = 4*p. Calculate the greatest common divisor of p and 24.
3
Let y be 0*(-1)/(-6)*3. Suppose y*g = -4*g + 120. Calculate the highest common factor of g and 12.
6
Suppose 3*h = -h + 132. Suppose -3*b + 61 = 2*w, h = w - 2*b + b. What is the highest common divisor of 48 and w?
16
Let o be (-135)/(-25) + (12/10)/(-3). Suppose -s - o*s + 36 = 0. Calculate the greatest common divisor of s and 9.
3
Suppose 3*m + 0*y + 2*y = 63, -3*m + y = -54. What is the greatest common divisor of 1 and m?
1
Suppose 3*y = 0, -3*s + y + 33 = -2*y. Suppose -5*i - 12 = -37, -500 = -5*v - i. Calculate the greatest common divisor of s and v.
11
Let x(a) = -3*a**2 - 7. Let d be x(5). Let f = d - -52. Let c be (f/(-8))/(30/80). What is the greatest common divisor of c and 15?
5
Let t(f) = -f**3 - 8*f**2 - 4*f + 15. Let u be t(-9). Let v = 188 - u. What is the highest common factor of v and 8?
8
Let t(x) be the third derivative of x**5/60 - x**4/8 - 25*x**3/6 + 6*x**2. Let h be t(-5). What is the greatest common factor of 5 and h?
5
Let a(n) = -2*n**3 + 1. Let m be a(3). Let f = m - -58. What is the greatest common factor of f and 20?
5
Let m(z) = -z**2 + 4*z + 7. Let u be m(5). Suppose u*t = -2*q + 16, 0*q - 3*t = q - 18. What is the greatest common factor of 33 and q?
3
Let o be (-1)/(-5) - (18256/(-10))/7. Calculate the greatest common divisor of o and 435.
87
Suppose 0 = -4*l + l + 1443. Calculate the greatest common factor of l and 13.
13
Let o(n) = n**3 + 12*n**2 + 11*n - 27. Let h be o(-11). Let r = h - -43. What is the greatest common factor of 16 and r?
16
Suppose -5*j = 3*p - 275, j + 4*p - 3*p - 55 = 0. Let d be j/(-25) - 1/(-5). Let r be d/(((-9)/(-96))/(-3)). What is the highest common factor of r and 8?
8
Suppose 144 = 7*x + 17*x. Let i = -54 - -168. Calculate the greatest common factor of x and i.
6
Let c = 9 + -9. Suppose -6*i + 3*i = c. Let n = i - -10. Calculate the highest common divisor of 25 and n.
5
Let k(s) = 34*s. Let a be k(2). Let z = a - 43. What is the highest common divisor of 10 and z?
5
Let m = 8 - -1. Suppose 0 = m*y - 10 - 8. What is the greatest common divisor of y and 16?
2
Suppose -5*o + 9 = -111. What is the highest common divisor of 132 and o?
12
Let y = -141 - -321. Let a = -9 - -49. What is the greatest common factor of a and y?
20
Let v be 144/(-9) - -10 - -190. What is the highest common factor of v and 322?
46
Suppose -2 = -3*n + 7. Let o(s) = 35*s + 237. Let m be o(-6). Calculate the highest common factor of m and n.
3
Suppose -5*k = -19 - 26. Let m(u) = 26*u**2 - u + 2. Let n be m(1). Calculate the highest common divisor of n and k.
9
Let f be ((-9)/2)/((-6)/16). Suppose -18 = f*z - 66. What is the greatest common factor of z and 14?
2
Let x(r) = 9*r**2 - 3*r - 7. Let o be x(4). Let v = o - -15. What is the highest common divisor of 35 and v?
35
Let q = 27 - -20. Suppose 8059 = 21*j + 163. What is the greatest common factor of j and q?
47
Let i = 0 - -2. Suppose -i*d = -d. Suppose -45 = -5*j - d. What is the greatest common factor of 18 and j?
9
Let h = -1 - 3. Let p be (6/h)/1*-2. Let t(o) = -o**3 - 7*o**2 - 16*o - 15. Let j be t(-4). Calculate the highest common factor of j and p.
1
Let p be ((-1)/(-2))/(1/14). Suppose -p*q + 6*q + 3 = 0. Suppose -2*j = -5 + q. What is the highest common factor of j and 11?
1
Suppose -3*k - 2 = -3*a - a, 5*k - 2 = 4*a. Let l be (8 - 6)*17/k. Calculate the greatest common factor of l and 85.
17
Suppose 25*z - 15*z - 150 = 0. Suppose 3*j = g + 15, 0 = -5*j + 4*g + 8 + 10. Calculate the highest common factor of z and j.
3
Let d be (0/(-9))/(-2 + 1). Let y(o) = -o**3 + o**2 + o + 143. Let q be y(d). What is the greatest common factor of 11 and q?
11
Let g(u) = u**2 - 6*u - 2. Let m be g(8). Let y be 2*(-1)/((-2)/(-1860)). Let x be y/(-19) - (-4)/38. What is the highest common factor of m and x?
14
Let w = 7 - -61. Let s be (-1)/((-14)/(-119))*-2. What is the greatest common factor of w and s?
17
Let a be (2 - 1)/(3 - 2). Suppose 2*l = 3 + a. Let c(s) = 8*s**2 + s + 2. Let r be c(l). What is the greatest common factor of 54 and r?
18
Suppose -2*l + 0 + 6 = 0. Let m(r) = r + 13. Let z(b) = -2*b - 11. Let g(p) = -4*m(p) - 5*z(p). Let a be g(2). Calculate the highest common factor of a and l.
3
Let o = 144 - 139. Suppose o*i + 77 = -4*h + 271, -i + 2*h + 50 = 0. What is the highest common divisor of 